{"id":17,"date":"2024-02-23T13:25:09","date_gmt":"2024-02-23T12:25:09","guid":{"rendered":"https:\/\/diespiesser.ch\/?page_id=17"},"modified":"2025-01-15T00:50:07","modified_gmt":"2025-01-14T23:50:07","slug":"home","status":"publish","type":"page","link":"https:\/\/diespiesser.ch\/","title":{"rendered":"Home"},"content":{"rendered":"<section class=\"bde-section-17-102 bde-section\">\n  \n  \n\t\n\n\n\n<div class=\"section-container\"><div class=\"bde-masker-17-103 bde-masker\"><div class=\"bde-div-17-104 bde-div\">\n  \n  \n\t\n\n\n\n\n<\/div>\r\n<\/div><div class=\"bde-columns-17-105 bde-columns\"><div class=\"bde-column-17-106 bde-column\">\n  \n  \n\t\n\n\n\n<h1 class=\"bde-dual-heading-17-107 bde-dual-heading\">\n\n\n            <span data-style=\"primary\" class=\"dual-heading--primary  \">Die Spiesser<\/span>\n\n            <span data-style=\"secondary\" class=\"dual-heading--secondary  \">Events<\/span>\n\n\n\n<\/h1><div class=\"bde-fancy-divider-17-108 bde-fancy-divider\">\n\n\n<div class=\"bde-fancy-divider__wrapper\">\n  <div class=\"bde-fancy-divider__separator   \">\n  \t  <\/div>\n<\/div>\n\n<\/div><div class=\"bde-text-17-109 bde-text\">\nDie Spiesser werden dir einen unvergesslichen Event bieten. Werde auch du ein Spiesser und buche jetzt!\n<\/div><div class=\"bde-button-17-110 bde-button\">\n        \n    \n    \n    \n    \n            \n            <button type=\"button\" class=\"button-atom button-atom--text bde-button__button\"  >\n    \n        <span class=\"button-atom__text\">jetzt Buchen<\/span>\n\n        \n                    \n    <span class=\"button-atom__icon-wrapper\">\n\n        \n            <svg class=\"un-arrow-icon\" width=\"10\" height=\"10\" viewBox=\"0 0 10 10\" aria-hidden=\"true\">\n                <g fill-rule=\"evenodd\">\n                    <path class=\"un-arrow-icon_line\" d=\"M0 5h7\"><\/path>\n                    <path class=\"un-arrow-icon_arrow\" d=\"M1 1l4 4-4 4\"><\/path>\n                <\/g>\n            <\/svg>\n\n        \n    <\/span>\n\n\n        \n            <\/button>\n    \n\n\n<\/div>\n<\/div><\/div><\/div>\n<\/section><section class=\"bde-section-17-135 bde-section\">\n  \n  \n\t\n\n\n\n<div class=\"section-container\"><div class=\"bde-columns-17-136 bde-columns\"><div class=\"bde-column-17-137 bde-column\">\n  \n  \n\t\n\n\n\n<div class=\"bde-icon-box-17-138 bde-icon-box\">\n\n    \n            <div class=\"ee-iconbox-icon breakdance-icon-atom\" >\n    \n                    <svg xmlns=\"http:\/\/www.w3.org\/2000\/svg\" viewBox=\"0 0 512 512\"><!-- Font Awesome Free 5.15.1 by @fontawesome - https:\/\/fontawesome.com License - https:\/\/fontawesome.com\/license\/free (Icons: CC BY 4.0, Fonts: SIL OFL 1.1, Code: MIT License) --><path d=\"M478.21 334.093L336 256l142.21-78.093c11.795-6.477 15.961-21.384 9.232-33.037l-19.48-33.741c-6.728-11.653-21.72-15.499-33.227-8.523L296 186.718l3.475-162.204C299.763 11.061 288.937 0 275.48 0h-38.96c-13.456 0-24.283 11.061-23.994 24.514L216 186.718 77.265 102.607c-11.506-6.976-26.499-3.13-33.227 8.523l-19.48 33.741c-6.728 11.653-2.562 26.56 9.233 33.037L176 256 33.79 334.093c-11.795 6.477-15.961 21.384-9.232 33.037l19.48 33.741c6.728 11.653 21.721 15.499 33.227 8.523L216 325.282l-3.475 162.204C212.237 500.939 223.064 512 236.52 512h38.961c13.456 0 24.283-11.061 23.995-24.514L296 325.282l138.735 84.111c11.506 6.976 26.499 3.13 33.227-8.523l19.48-33.741c6.728-11.653 2.563-26.559-9.232-33.036z\"\/><\/svg>\n        \n        \n        \n            <\/div>\n    \n\n<div class=\"ee-iconbox-content\">\n      <p class=\"ee-iconbox-title bde-h3\" >Service par Excellence<\/p>\n        <div class=\"ee-iconbox-text\" >Erleben Sie Catering auf h\u00f6chstem Niveau \u2013 unser Service par Excellence macht Ihr Event unvergesslich.<\/div>\n    <\/div>\n\n<\/div>\n<\/div><div class=\"bde-column-17-139 bde-column\">\n  \n  \n\t\n\n\n\n<div class=\"bde-icon-box-17-140 bde-icon-box\">\n\n    \n            <div class=\"ee-iconbox-icon breakdance-icon-atom\" >\n    \n                    <svg xmlns=\"http:\/\/www.w3.org\/2000\/svg\" viewBox=\"0 0 448 512\"><!-- Font Awesome Free 5.15.1 by @fontawesome - https:\/\/fontawesome.com License - https:\/\/fontawesome.com\/license\/free (Icons: CC BY 4.0, Fonts: SIL OFL 1.1, Code: MIT License) --><path d=\"M448 384c-28.02 0-31.26-32-74.5-32-43.43 0-46.825 32-74.75 32-27.695 0-31.454-32-74.75-32-42.842 0-47.218 32-74.5 32-28.148 0-31.202-32-74.75-32-43.547 0-46.653 32-74.75 32v-80c0-26.5 21.5-48 48-48h16V112h64v144h64V112h64v144h64V112h64v144h16c26.5 0 48 21.5 48 48v80zm0 128H0v-96c43.356 0 46.767-32 74.75-32 27.951 0 31.253 32 74.75 32 42.843 0 47.217-32 74.5-32 28.148 0 31.201 32 74.75 32 43.357 0 46.767-32 74.75-32 27.488 0 31.252 32 74.5 32v96zM96 96c-17.75 0-32-14.25-32-32 0-31 32-23 32-64 12 0 32 29.5 32 56s-14.25 40-32 40zm128 0c-17.75 0-32-14.25-32-32 0-31 32-23 32-64 12 0 32 29.5 32 56s-14.25 40-32 40zm128 0c-17.75 0-32-14.25-32-32 0-31 32-23 32-64 12 0 32 29.5 32 56s-14.25 40-32 40z\"\/><\/svg>\n        \n        \n        \n            <\/div>\n    \n\n<div class=\"ee-iconbox-content\">\n      <p class=\"ee-iconbox-title bde-h3\" >Kreative Gerichte<\/p>\n        <div class=\"ee-iconbox-text\" >Unsere kreativen Gerichte sind mehr als nur Essen \u2013 sie sind kulinarische Kunstwerke, die Ihre G\u00e4ste begeistern werden.<\/div>\n    <\/div>\n\n<\/div>\n<\/div><div class=\"bde-column-17-141 bde-column\">\n  \n  \n\t\n\n\n\n<div class=\"bde-icon-box-17-142 bde-icon-box\">\n\n    \n            <div class=\"ee-iconbox-icon breakdance-icon-atom\" >\n    \n                    <svg xmlns=\"http:\/\/www.w3.org\/2000\/svg\" viewBox=\"0 0 640 512\"><!-- Font Awesome Free 5.15.1 by @fontawesome - https:\/\/fontawesome.com License - https:\/\/fontawesome.com\/license\/free (Icons: CC BY 4.0, Fonts: SIL OFL 1.1, Code: MIT License) --><path d=\"M106.66,170.64l.09,0,49.55-20.65a7.32,7.32,0,0,0,3.68-6h0a7.29,7.29,0,0,0-3.68-6l-49.57-20.67-.07,0L86,67.68a6.66,6.66,0,0,0-11.92,0l-20.7,49.63-.05,0L3.7,138A7.29,7.29,0,0,0,0,144H0a7.32,7.32,0,0,0,3.68,6L53.27,170.6l.07,0L74,220.26a6.65,6.65,0,0,0,11.92,0l20.69-49.62ZM471.38,467.41l-1-.42-1-.5a38.67,38.67,0,0,1,0-69.14l1-.49,1-.43,37.49-15.63,15.63-37.48.41-1,.47-.95c3.85-7.74,10.58-13.63,18.35-17.34,0-1.33.25-2.69.27-4V144a32,32,0,0,0-64,0v72a8,8,0,0,1-8,8H456a8,8,0,0,1-8-8V64a32,32,0,0,0-64,0V216a8,8,0,0,1-8,8H360a8,8,0,0,1-8-8V32a32,32,0,0,0-64,0V216a8,8,0,0,1-8,8H264a8,8,0,0,1-8-8V64a32,32,0,0,0-64,0v241l-23.59-32.49a40,40,0,0,0-64.71,47.09L229.3,492.21A48.07,48.07,0,0,0,268.09,512H465.7c19.24,0,35.65-11.73,43.24-28.79l-.07-.17ZM349.79,339.52,320,351.93l-12.42,29.78a4,4,0,0,1-7.15,0L288,351.93l-29.79-12.41a4,4,0,0,1,0-7.16L288,319.94l12.42-29.78a4,4,0,0,1,7.15,0L320,319.94l29.79,12.42a4,4,0,0,1,0,7.16ZM640,431.91a7.28,7.28,0,0,0-3.68-6l-49.57-20.67-.07,0L566,355.63a6.66,6.66,0,0,0-11.92,0l-20.7,49.63-.05,0L483.7,426a7.28,7.28,0,0,0-3.68,6h0a7.29,7.29,0,0,0,3.68,5.95l49.57,20.67.07,0L554,508.21a6.65,6.65,0,0,0,11.92,0l20.69-49.62h0l.09,0,49.55-20.66a7.29,7.29,0,0,0,3.68-5.95h0Z\"\/><\/svg>\n        \n        \n        \n            <\/div>\n    \n\n<div class=\"ee-iconbox-content\">\n      <p class=\"ee-iconbox-title bde-h3\" >Alles aus einer Hand<\/p>\n        <div class=\"ee-iconbox-text\" >Von der Planung bis zur Umsetzung \u2013 bei uns erhalten Sie alles aus einer Hand f\u00fcr ein sorgenfreies Event.<\/div>\n    <\/div>\n\n<\/div>\n<\/div><div class=\"bde-column-17-143 bde-column\">\n  \n  \n\t\n\n\n\n<div class=\"bde-icon-box-17-144 bde-icon-box\">\n\n    \n            <div class=\"ee-iconbox-icon breakdance-icon-atom\" >\n    \n                    <svg xmlns=\"http:\/\/www.w3.org\/2000\/svg\" viewBox=\"0 0 496 512\"><!-- Font Awesome Free 5.15.1 by @fontawesome - https:\/\/fontawesome.com License - https:\/\/fontawesome.com\/license\/free (Icons: CC BY 4.0, Fonts: SIL OFL 1.1, Code: MIT License) --><path d=\"M248 8C111 8 0 119 0 256s111 248 248 248 248-111 248-248S385 8 248 8zM94.6 168.9l34.9-5 15.5-31.6c2.9-5.8 11-5.8 13.9 0l15.5 31.6 34.9 5c6.2 1 8.9 8.6 4.3 13.2l-25.4 24.6 6 34.9c1 6.2-5.3 11-11 7.9L152 233.3l-31.3 16.3c-5.7 3.1-12-1.7-11-7.9l6-34.9-25.4-24.6c-4.6-4.7-1.9-12.3 4.3-13.3zM248 432c-60.6 0-134.5-38.3-143.8-93.3-2-11.8 9.3-21.5 20.7-17.9C155.1 330.5 200 336 248 336s92.9-5.5 123.1-15.2c11.5-3.7 22.6 6.1 20.7 17.9-9.3 55-83.2 93.3-143.8 93.3zm157.7-249.9l-25.4 24.6 6 34.9c1 6.2-5.3 11-11 7.9L344 233.3l-31.3 16.3c-5.7 3.1-12-1.7-11-7.9l6-34.9-25.4-24.6c-4.5-4.6-1.9-12.2 4.3-13.2l34.9-5 15.5-31.6c2.9-5.8 11-5.8 13.9 0l15.5 31.6 34.9 5c6.3.9 9 8.5 4.4 13.1z\"\/><\/svg>\n        \n        \n        \n            <\/div>\n    \n\n<div class=\"ee-iconbox-content\">\n      <p class=\"ee-iconbox-title bde-h3\" >Spiessigkeit Garantiert<\/p>\n        <div class=\"ee-iconbox-text\" >Genie\u00dfen Sie au\u00dfergew\u00f6hnliche Spezialit\u00e4ten \u2013 Spiessigkeit garantiert f\u00fcr ein besonderes Geschmackserlebnis.<\/div>\n    <\/div>\n\n<\/div>\n<\/div><\/div><\/div>\n<\/section><section class=\"bde-section-17-145 bde-section\">\n  \n  \n\t\n\n\n\n<div class=\"section-container\"><h2 class=\"bde-heading-17-146 bde-heading\">\nWas machen wir und wo findest du uns?\n<\/h2><div class=\"bde-columns-17-148 bde-columns\"><div class=\"bde-column-17-149 bde-column\">\n              \n  \n  \n\t\n\n\n\n<h3 class=\"bde-heading-17-150 bde-heading\">\nFoodtruck\n<\/h3><div class=\"bde-text-17-151 bde-text\">\nUnser Foodtruck bringt kulinarische Highlights direkt zu Ihrem Event. Frisch zubereitete Speisen aus der mobilen K\u00fcche sorgen f\u00fcr ein einzigartiges und flexibles Geschmackserlebnis, das Ihre G\u00e4ste lieben werden.\n<\/div><div class=\"bde-image-17-153 bde-image\">\n<figure class=\"breakdance-image breakdance-image--53\">\n\t<div class=\"breakdance-image-container\">\n\t\t<div class=\"breakdance-image-clip\"><img loading=\"lazy\" decoding=\"async\" class=\"breakdance-image-object\" src=\"https:\/\/diespiesser.ch\/wp-content\/uploads\/2024\/02\/1.jpg\" width=\"500\" height=\"350\" srcset=\"https:\/\/diespiesser.ch\/wp-content\/uploads\/2024\/02\/1.jpg 500w, https:\/\/diespiesser.ch\/wp-content\/uploads\/2024\/02\/1-300x210.jpg 300w\" sizes=\"auto, (max-width: 500px) 100vw, 500px\"><\/div>\n\t<\/div><\/figure>\n\n<\/div>\n<\/div><div class=\"bde-column-17-154 bde-column\">\n              \n  \n  \n\t\n\n\n\n<h3 class=\"bde-heading-17-155 bde-heading\">\nCatering Events\n<\/h3><div class=\"bde-text-17-156 bde-text\">\nOb Hochzeit, Firmenfeier oder Geburtstag \u2013 wir bieten ma\u00dfgeschneiderte Catering-L\u00f6sungen f\u00fcr jedes Event. Mit unserer breiten Auswahl an Men\u00fcs und exzellentem Service machen wir Ihre Veranstaltung zu einem unvergesslichen Erlebnis.\n<\/div><div class=\"bde-image-17-158 bde-image\">\n<figure class=\"breakdance-image breakdance-image--58\">\n\t<div class=\"breakdance-image-container\">\n\t\t<div class=\"breakdance-image-clip\"><img loading=\"lazy\" decoding=\"async\" class=\"breakdance-image-object\" src=\"https:\/\/diespiesser.ch\/wp-content\/uploads\/2024\/02\/6.jpg\" width=\"500\" height=\"350\" srcset=\"https:\/\/diespiesser.ch\/wp-content\/uploads\/2024\/02\/6.jpg 500w, https:\/\/diespiesser.ch\/wp-content\/uploads\/2024\/02\/6-300x210.jpg 300w\" sizes=\"auto, (max-width: 500px) 100vw, 500px\"><\/div>\n\t<\/div><\/figure>\n\n<\/div>\n<\/div><div class=\"bde-column-17-159 bde-column\">\n              \n  \n  \n\t\n\n\n\n<h3 class=\"bde-heading-17-160 bde-heading\">\nKochevents\n<\/h3><div class=\"bde-text-17-161 bde-text\">\nUnsere Erlebnis Kochevents verbinden Genuss und Spa\u00df in einem interaktiven Format. Unter Anleitung unserer Profik\u00f6che lernen Sie und Ihre G\u00e4ste, au\u00dfergew\u00f6hnliche Gerichte zu zaubern und gemeinsam unvergessliche kulinarische Momente zu erleben.\n<\/div><div class=\"bde-image-17-163 bde-image\">\n<figure class=\"breakdance-image breakdance-image--55\">\n\t<div class=\"breakdance-image-container\">\n\t\t<div class=\"breakdance-image-clip\"><img loading=\"lazy\" decoding=\"async\" class=\"breakdance-image-object\" src=\"https:\/\/diespiesser.ch\/wp-content\/uploads\/2024\/02\/3.jpg\" width=\"500\" height=\"350\" srcset=\"https:\/\/diespiesser.ch\/wp-content\/uploads\/2024\/02\/3.jpg 500w, https:\/\/diespiesser.ch\/wp-content\/uploads\/2024\/02\/3-300x210.jpg 300w\" sizes=\"auto, (max-width: 500px) 100vw, 500px\"><\/div>\n\t<\/div><\/figure>\n\n<\/div>\n<\/div><\/div><\/div>\n<\/section><section class=\"bde-section-17-127 bde-section\">\n  \n  \n\t\n\n\n\n<div class=\"section-container\"><div class=\"bde-columns-17-128 bde-columns\"><div class=\"bde-column-17-129 bde-column\">\n  \n  \n\t\n\n\n\n<h2 class=\"bde-heading-17-130 bde-heading\">\nKontaktiere uns.\n<\/h2><div class=\"bde-text-17-131 bde-text\">\nWir freuen uns, deinen spiessigen Event zu besprechen.\n<\/div><div class=\"bde-form-builder-17-132 bde-form-builder\">\n\n<form id=\"contact-form132\" class=\"breakdance-form breakdance-form--vertical\" data-options=\"{&quot;slug&quot;:&quot;custom&quot;,&quot;name&quot;:&quot;Contact Form&quot;,&quot;ajaxUrl&quot;:&quot;https:\\\/\\\/diespiesser.ch\\\/wp-admin\\\/admin-ajax.php&quot;,&quot;clearOnSuccess&quot;:true,&quot;hideOnSuccess&quot;:false,&quot;successMessage&quot;:&quot;Deine Nachricht wird bearbeitet!&quot;,&quot;errorMessage&quot;:&quot;etwas ist schiefgelaufen!&quot;,&quot;redirect&quot;:false,&quot;redirectUrl&quot;:&quot;&quot;,&quot;customJavaScript&quot;:&quot;&quot;,&quot;recaptcha&quot;:{&quot;key&quot;:&quot;&quot;,&quot;enabled&quot;:false},&quot;honeypot_enabled&quot;:false,&quot;popupsOnSuccess&quot;:[],&quot;popupsOnError&quot;:[]}\" data-steps=\"0\" >\n  \n  \n  \n<div class=\"breakdance-form-field breakdance-form-field--text\" >\n    \n    \n            <label class=\"breakdance-form-field__label\" for=\"name\">\n            Vorname<span class=\"breakdance-form-field__required\">*<\/span>\n        <\/label>\n    \n    <input\n    class=\"breakdance-form-field__input\"\n    id=\"name\"\n    aria-describedby=\"name\"\n    type=\"text\"\n    name=\"fields[name]\"\n    placeholder=\"John\"\n    value=\"\"\n                \n        \n        \n    required\n    \n    \n    \n    \n    \n>\n\n\n    \n    \n<\/div>\n\n\n<div class=\"breakdance-form-field breakdance-form-field--text\" >\n    \n    \n            <label class=\"breakdance-form-field__label\" for=\"xcywqj\">\n            Nachname<span class=\"breakdance-form-field__required\">*<\/span>\n        <\/label>\n    \n    <input\n    class=\"breakdance-form-field__input\"\n    id=\"xcywqj\"\n    aria-describedby=\"xcywqj\"\n    type=\"text\"\n    name=\"fields[xcywqj]\"\n    placeholder=\"Doe\"\n    value=\"\"\n                \n        \n        \n    required\n    \n    \n    \n    \n    \n>\n\n\n    \n    \n<\/div>\n\n\n<div class=\"breakdance-form-field breakdance-form-field--email\" >\n    \n    \n            <label class=\"breakdance-form-field__label\" for=\"email\">\n            Email<span class=\"breakdance-form-field__required\">*<\/span>\n        <\/label>\n    \n    <input\n    class=\"breakdance-form-field__input\"\n    id=\"email\"\n    aria-describedby=\"email\"\n    type=\"email\"\n    name=\"fields[email]\"\n    placeholder=\"johndoe@example.com\"\n    value=\"\"\n                \n        \n        \n    required\n    \n    \n    \n    \n    \n>\n\n\n    \n    \n<\/div>\n\n\n<div class=\"breakdance-form-field breakdance-form-field--textarea\" >\n    \n    \n            <label class=\"breakdance-form-field__label\" for=\"message\">\n            Nachricht<span class=\"breakdance-form-field__required\">*<\/span>\n        <\/label>\n    \n    <textarea\n    class=\"breakdance-form-field__input\"\n    id=\"message\"\n    aria-describedby=\"message\"\n    type=\"textarea\"\n    name=\"fields[message]\"\n        placeholder=\"Type your message...\"\n    required\n    \n    \n    >\n<\/textarea>\n\n\n    \n    \n<\/div><div class=\"breakdance-form-field breakdance-form-footer\">    \n    \n    \n    \n    \n            \n            <button type=\"submit\" class=\"button-atom button-atom--primary breakdance-form-button breakdance-form-button__submit\"  >\n    \n        <span class=\"button-atom__text\">Lass uns brainstormen!<\/span>\n\n        \n        \n            <\/button>\n    \n    <input type=\"hidden\" name=\"form_id\" value=\"132\">\n    <input type=\"hidden\" name=\"post_id\" value=\"17\">\n<\/div>\n\n  \n<\/form>\n\n\n<\/div>\n<\/div><\/div><\/div>\n<\/section>","protected":false},"excerpt":{"rendered":"<p>Die Spiesser Events Die Spiesser werden dir einen unvergesslichen Event bieten. Werde auch du ein Spiesser und buche jetzt! jetzt Buchen Service par Excellence Erleben Sie Catering auf h\u00f6chstem Niveau \u2013 unser Service par Excellence macht Ihr Event unvergesslich. Kreative Gerichte Unsere kreativen Gerichte sind mehr als nur Essen \u2013 sie sind kulinarische Kunstwerke, die [&hellip;]<\/p>\n","protected":false},"author":1,"featured_media":0,"parent":0,"menu_order":0,"comment_status":"closed","ping_status":"closed","template":"","meta":{"_breakdance_hide_in_design_set":false,"_breakdance_tags":"","footnotes":""},"class_list":["post-17","page","type-page","status-publish","hentry"],"meta_box":[],"_links":{"self":[{"href":"https:\/\/diespiesser.ch\/index.php\/wp-json\/wp\/v2\/pages\/17","targetHints":{"allow":["GET"]}}],"collection":[{"href":"https:\/\/diespiesser.ch\/index.php\/wp-json\/wp\/v2\/pages"}],"about":[{"href":"https:\/\/diespiesser.ch\/index.php\/wp-json\/wp\/v2\/types\/page"}],"author":[{"embeddable":true,"href":"https:\/\/diespiesser.ch\/index.php\/wp-json\/wp\/v2\/users\/1"}],"replies":[{"embeddable":true,"href":"https:\/\/diespiesser.ch\/index.php\/wp-json\/wp\/v2\/comments?post=17"}],"version-history":[{"count":22,"href":"https:\/\/diespiesser.ch\/index.php\/wp-json\/wp\/v2\/pages\/17\/revisions"}],"predecessor-version":[{"id":110,"href":"https:\/\/diespiesser.ch\/index.php\/wp-json\/wp\/v2\/pages\/17\/revisions\/110"}],"wp:attachment":[{"href":"https:\/\/diespiesser.ch\/index.php\/wp-json\/wp\/v2\/media?parent=17"}],"curies":[{"name":"wp","href":"https:\/\/api.w.org\/{rel}","templated":true}]}}